 + 16. Determine p(8).
-8
Let i(a) = 3*a**3 + 58*a**2 + 6*a - 33. Calculate i(-19).
214
Let k(l) = -128*l - 6692. Determine k(-55).
348
Let m(n) = -136*n**2 - 20*n + 21. Give m(1).
-135
Let k(o) = 8*o**3 + 3*o**2 + o - 6. Calculate k(-3).
-198
Let s(t) = -8*t - 178. Give s(-16).
-50
Let m(v) = -v**3 + 14*v**2 + 15*v - 143. Calculate m(14).
67
Let f(j) = 2721*j + 13599. Determine f(-5).
-6
Let d(k) = -2*k**2 - 12*k + 58. Determine d(-9).
4
Let l(z) = -2*z**3 - 34*z**2 - 29*z - 885. Calculate l(-18).
285
Let z(m) = -m**2 - 201*m + 1049. What is z(5)?
19
Let x(v) = 21*v**3 + 330*v**2 - 98*v - 37. Calculate x(-16).
-5
Let d(z) = -19*z + 171. Determine d(15).
-114
Let l(j) = -j + 25. Give l(8).
17
Let o(z) = z**3 + 66*z**2 - 75*z - 39. What is o(-67)?
497
Let w(z) = 20*z - 632. Calculate w(33).
28
Let g(p) = -342*p**2 + 7*p - 1. Give g(-1).
-350
Let r(m) = 4455*m + 4459. Determine r(-1).
4
Let z(i) = -i**2 - 141*i + 1209. Determine z(8).
17
Let h(w) = 62*w - 1548. What is h(22)?
-184
Let z(c) = 6*c**2 + 225*c + 315. Calculate z(-36).
-9
Let u(b) = 92*b + 351. Calculate u(-4).
-17
Let l(r) = -r**2 - 23*r - 118. Determine l(-13).
12
Let g(p) = 8*p**2 + 109*p + 569. Determine g(-5).
224
Let y(n) = n**2 - 195*n + 9470. Give y(94).
-24
Let l(f) = -5*f**2 + 3925*f - 3924. What is l(1)?
-4
Let t(m) = 11*m**3 - m**2 + 2*m + 31. Determine t(-3).
-281
Let p(k) = k**2 + 31*k - 79. What is p(-17)?
-317
Let b(o) = 2085*o - 14601. Give b(7).
-6
Let t(x) = x**2 - 48*x + 169. Calculate t(45).
34
Let p(v) = 63*v**2 - 258*v - 257. What is p(-1)?
64
Let a(y) = y**3 + 17*y**2 + 29*y - 184. Determine a(-14).
-2
Let g(s) = 13*s**2 - 18*s + 3. Determine g(4).
139
Let y(i) = 137*i + 15966. What is y(-117)?
-63
Let z(i) = 48*i**2 - 286*i - 886. Give z(-3).
404
Let p(o) = -58*o - 560. Give p(-10).
20
Let z(i) = -i**2 - 36*i + 401. Give z(11).
-116
Let u(p) = -2*p**2 + 43*p - 175. Give u(6).
11
Let h(d) = -5*d**2 - 47*d + 547. Determine h(10).
-423
Let v(x) = 563*x - 2819. Give v(5).
-4
Let u(a) = -13*a**2 + 50*a + 619. Calculate u(9).
16
Let v(z) = 6*z**3 - 104*z**2 + 100*z + 5. Determine v(1).
7
Let a(f) = -39*f + 2022. Calculate a(52).
-6
Let l(z) = -2*z**2 + 72*z - 67. Determine l(37).
-141
Let h(q) = q**3 - 50*q**2 - 218*q + 101. What is h(54)?
-7
Let f(w) = 19*w**2 - w + 2. Give f(2).
76
Let a(r) = -2*r**2 - 15*r - 27. Determine a(-15).
-252
Let p(u) = -u**3 - 44*u**2 + 300*u + 29. Determine p(-50).
29
Let g(w) = -12*w**2 + 5*w - 14. Determine g(4).
-186
Let m(o) = -o**3 + 18*o**2 + 24*o - 37. Determine m(19).
58
Let r(f) = 154*f + 6747. Give r(-44).
-29
Let r(h) = -h**2 - 5005*h - 69894. What is r(-14)?
-20
Let m(w) = -w**3 - 7*w**2 + 72*w + 620. Calculate m(-8).
108
Let g(q) = 799*q - 2443. Determine g(3).
-46
Let w(s) = -11*s**3 - 2132*s**2 + 390*s + 391. What is w(-194)?
3
Let w(o) = 2*o**2 + 9*o + 44. What is w(-6)?
62
Let i(g) = 122*g - 2922. Calculate i(24).
6
Let x(k) = 19*k - 294. Give x(-15).
-579
Let p(n) = -928*n + 6627. What is p(7)?
131
Let d(w) = -13*w**2 - 49*w + 43. Determine d(-5).
-37
Let u(j) = -66*j**2 + 3093*j + 398. What is u(47)?
-25
Let m(p) = -104*p + 2510. Determine m(24).
14
Let q(a) = -137*a - 852. Calculate q(-11).
655
Let p(n) = 3*n**2 - 424*n - 2612. Calculate p(-6).
40
Let h(y) = -312*y + 44929. Calculate h(144).
1
Let t(u) = -u**3 - 41*u**2 - 77*u + 3. Calculate t(-39).
-36
Let k(j) = 77*j**3 - 6*j**2 - 6*j - 1. What is k(-1)?
-78
Let u(f) = f**2 + 48*f - 944. What is u(-63)?
1
Let u(z) = 4*z**2 + 31*z + 65. What is u(-7)?
44
Let q(c) = -150*c + 174. Determine q(2).
-126
Let c(r) = 3*r**2 + 3*r - 162. Determine c(7).
6
Let s(q) = -2*q**2 - 100*q + 117. Calculate s(-54).
-315
Let a(h) = -h**2 - 58*h - 775. Calculate a(-37).
2
Let l(z) = 35*z**2 - 528*z + 41. Give l(15).
-4
Let w(i) = 45*i + 576. Determine w(-13).
-9
Let u(o) = -o**3 - 27*o**2 - 22*o - 594. Give u(-27).
0
Let n(i) = -4*i**2 + 85*i + 23. Determine n(21).
44
Let j(c) = c**3 + 8*c**2 - 81*c + 306. Determine j(-15).
-54
Let h(u) = u**3 - 17*u**2 + 58*u - 11. Calculate h(11).
-99
Let j(d) = -d**3 + 14*d**2 - 11*d + 20. Determine j(13).
46
Let l(v) = -2*v**3 - 29*v**2 - 14*v - 26. What is l(-15)?
409
Let p(n) = -n**2 - 14*n + 404. What is p(21)?
-331
Let f(w) = 603*w - 16282. Determine f(27).
-1
Let x(n) = -n**2 - 3*n + 109. Give x(18).
-269
Let v(b) = 14*b**3 - 21*b**2 + 24*b - 4. What is v(1)?
13
Let x(n) = 2*n**3 + 30*n**2 + 31*n + 49. What is x(-14)?
7
Let n(m) = -19*m**3 - 474*m**2 + 25*m - 3. Calculate n(-25).
-3
Let m(y) = 120*y - 1520. Determine m(7).
-680
Let m(w) = -887*w - 852. Calculate m(-1).
35
Let c(n) = -2*n**2 + 124*n + 856. Calculate c(68).
40
Let o(k) = -422*k - 83560. Determine o(-198).
-4
Let x(d) = 3*d**2 - 154*d + 5. Calculate x(51).
-46
Let d(h) = -h**3 - 27*h**2 - 78*h - 118. What is d(-24)?
26
Let w(j) = 8*j + 30. Determine w(-10).
-50
Let y(x) = 98*x + 11857. Calculate y(-121).
-1
Let t(l) = -95*l + 115. What is t(3)?
-170
Let f(y) = y**2 - 38*y + 262. What is f(32)?
70
Let z(x) = -x**3 - 22*x**2 - 14*x - 305. Calculate z(-22).
3
Let v(g) = -g**3 + 15*g**2 - 42*g + 40. Determine v(12).
-32
Let j(t) = -515*t + 2047. What is j(4)?
-13
Let b(j) = 13*j - 54. Calculate b(2).
-28
Let q(a) = -7208*a + 21592. What is q(3)?
-32
Let d(u) = -u**3 + 21*u**2 + 235*u - 12. What is d(29)?
75
Let z(r) = 76*r + 536. Determine z(-7).
4
Let c(u) = -2*u**3 - 27*u**2 - 32*u + 27. Give c(-12).
-21
Let t(z) = 66*z + 294. Give t(-3).
96
Let l(j) = -j**2 - 2067*j - 28744. Calculate l(-14).
-2
Let c(f) = 21*f - 81. Give c(16).
255
Let d(x) = x**3 + 305*x**2 - 636*x - 6715. What is d(-307)?
39
Let o(v) = -v**2 - 76*v - 580. Give o(-8).
-36
Let c(f) = 13*f**2 - 9*f - 14. Give c(-1).
8
Let o(s) = -7*s**2 + 41*s - 319. Calculate o(10).
-609
Let x(p) = -110*p + 50. What is x(1)?
-60
Let n(z) = -z**2 + 60*z - 904. What is n(24)?
-40
Let l(u) = 91*u**2 + 12*u - 30. Determine l(3).
825
Let f(p) = p**3 - 4*p**2 + 6*p - 24. What is f(4)?
0
Let u(c) = 401*c - 6830. Determine u(17).
-13
Let q(f) = f**2 + 28*f + 17. What is q(-28)?
17
Let a(n) = 113*n + 9154. What is a(-81)?
1
Let p(l) = 5*l + 177. What is p(-18)?
87
Let o(f) = 6*f**3 - 176*f**2 + 59*f - 31. Determine o(29).
-2
Let v(j) = j**2 - 1491*j + 20. Determine v(0).
20
Let k(a) = -47*a - 940. Calculate k(-20).
0
Let j(c) = -c**2 + 5*c - 166. What is j(12)?
-250
Let t(z) = 201*z - 4586. Give t(24).
238
Let d(a) = -15*a - 338. What is d(-22)?
-8
Let u(x) = x**3 - 59*x**2 - 59*x - 248. Calculate u(60).
-188
Let m(w) = -28*w + 146. Calculate m(-6).
314
Let o(a) = -a**2 + 166*a - 492. Give o(3).
-3
Let f(i) = -i**3 - 75*i**2 + 73*i - 227. What is f(-76)?
1
Let o(r) = 963*r - 30820. Determine o(32).
-4
Let y(r) = -r**2 - 28*r - 161. Give y(-11).
26
Let l(c) = -c**3 + 33*c**2 + 71*c - 31. Give l(35).
4
Let n(h) = -100*h + 625. Calculate n(5).
125
Let c(i) = -i**3 - 128*i**2 - 491*i + 545. Calculate c(-124).
-75
Let u(g) = g**3 + 9*g**2 + 64*g - 48. Give u(-9).
-624
Let g(j) = 11*j**2 - 447*j + 274. Give g(40).
-6
Let u(o) = -o**2 + 31. Determine u(-5).
6
Let n(k) = -k**3 + 15*k**2 + 120*k - 4. Calculate n(-6).
32
Let n(d) = 611*d - 1822. Determine n(3).
11
Let s(y) = 153*y - 887. Calculate s(6).
31
Let i(l) = l**2 + 40*l - 575. Give i(11).
-14
Let u(h) = 9*h + 303. Calculate u(-32).
15
Let d(c) = -c**3 - 33*c**2 - 9*c + 30. Determine d(-33).
327
Let j(y) = -y**2 - 206*y - 414. What is j(-2)?
-6
Let a(m) = 2*m**3 + 9*m**2 - 3*m + 10. Calculate a(-5).
0
Let a(v) = 18*v**2 + 50*v - 3. Calculate a(-3).
9
Let o(d) = -74*d + 381. Determine o(6).
-63
Let v(n) = n**2 - 8*n - 210. Calculate v(20).
30
Let l(c) = -15*c**2 - 51*c - 48. Determine l(-2).
-6
Let f(k) = -39*k - 2655. Determine f(-62).
-237
Let r(y) = 21*y**2 + 699*y + 1319. Give r(-2).
5
Let x(y) = 2*y**2 - 23*y + 286. Determine x(12).
298
Let s(g) = g**2 - 24*g + 181. Calculate s(13).
38
Let x(z) = 2*z**2 + 306*z - 20812. Calculate x(51).
-4
Let n(i) = -i**3 + 8*i**2 - 17*i + 6. Give n(5).
-4
Let r(t) = -2*t**2 - 61*t + 1017. Calculate r(12).
-3
Let a(c) = -c**3 + 16*c**2 - 20*c + 52. What is a(13)?
299
Let z(r) = 820*r - 11474. Give z(14).
6
Let y(p) = p**3 - 11*p**2 + 12*p + 45. What is y(-3)?
-117
Let t(s) = s**3 - 16*s - 73. Give t(0).
-73
Let f(t) = 6*t**2 - 294*t - 24. Deter